h) = -464*h - 12. What are the prime factors of p(b)?
2, 229
Let b = -100 + 104. Suppose -5*i = b*q + 5, 15 - 5 = -q - 3*i. Suppose -338 = -q*j + 487. List the prime factors of j.
3, 5, 11
Let i(c) = -7*c + 73. Let r be i(0). Suppose 453 = 4*j - 5*q, -3*j - 2*q = -284 - r. List the prime factors of j.
3, 13
Let m(c) = 3*c**2 + 3*c + 2. Let u(r) = 2*r**2 + 51*r - 29. Let n be u(-26). What are the prime factors of m(n)?
2, 5
Let d(t) = -t**2 - 38*t + 95. Let n be d(-27). Suppose 1888 = 5*w - n. What are the prime factors of w?
2, 3, 19
Let p be (-24)/21*-1*168/12. What are the prime factors of -15 - (-252)/p - 5077/(-4)?
2, 5, 127
Let z = 1420 - -50. Suppose -1832 = -5*l - 3*b, 4*l - 3*b - z = -b. List the prime factors of l.
367
Suppose -5*w + 5*z - z - 140 = 0, 2*z + 74 = -2*w. Let x = -206 + 123. Let o = w - x. List the prime factors of o.
3, 17
Let d = 431 + -165. Suppose 7*x - d - 3262 = 0. What are the prime factors of x?
2, 3, 7
Let r(x) = x**3 - x**2 - x - 1. Let z(s) = -74*s**3 + 2*s**2 + 7*s + 9. Let f(n) = 5*r(n) + z(n). Let t be f(2). List the prime factors of (t/(-12))/(8/6 + -1).
139
Suppose -536*j - 162378 = -563*j. List the prime factors of j.
2, 31, 97
Let d(b) = 16*b**3 - 2*b**2 + 4*b + 6. Let h be d(4). Suppose -2*g + 808 = m, 3*g - 2*m - h - 191 = 0. List the prime factors of g.
13, 31
Suppose -291*r + 293*r - 102882 = 0. What are the prime factors of r?
3, 13, 1319
Let d(q) = -4247*q + 388. List the prime factors of d(-8).
2, 11, 71
Let y(v) = -77*v**3 + 20*v**2 - 40*v - 638. List the prime factors of y(-9).
5, 11, 19
Let l = 360 - 357. Suppose 2*d - 3*d = 5*p - 404, 0 = -3*p - l. What are the prime factors of d?
409
Let t(r) = -220*r + 677. List the prime factors of t(-20).
5077
Let i(y) = 1482*y**3 + y**2 - 37*y + 109. List the prime factors of i(3).
31, 1291
Let z(x) = -252*x + 1336. What are the prime factors of z(-33)?
2, 19, 127
Let a = 148 + -156. List the prime factors of -11 + (-2446)/a - 1/(-4).
5, 59
Suppose -2*j = -2*c + 12846, -3*c + 24567 = 3*j + 5322. What are the prime factors of c?
7, 131
Let x(y) = 2220*y + 1645. What are the prime factors of x(4)?
5, 421
Let l = 7610 - -6771. List the prime factors of l.
73, 197
Let a = -1581 - -2685. List the prime factors of ((-18)/(-24))/(((-10)/a)/(-5)).
2, 3, 23
Let c(z) be the first derivative of 11*z**2/2 + 131*z - 19. List the prime factors of c(24).
5, 79
Let h(z) = -32*z - 28. Suppose -5 = -2*j + 3*m - 19, -24 = 5*j - 2*m. List the prime factors of h(j).
2, 5
Let y be (2 - 2)/(-6 - -4). Suppose y*k - 2 = -k, 0 = d - 5*k - 48. List the prime factors of d.
2, 29
Let z be 2/((-1)/2 + 18/(-36)). List the prime factors of 15/z*(-13)/(65/250).
3, 5
Let m be 32/7 - (-6)/14. Suppose 0 = -c + m*c + 8. List the prime factors of 7/21*(c - -851).
283
Let m be (0 - 56/4) + 0. Let f = m - -12. List the prime factors of (0 - (-1 - (f - 72)))*-1.
73
Let w(f) = -23*f**3 + f**2 + 2*f + 12. Let l be w(3). Let k = l + 645. List the prime factors of k.
3, 17
Let t be 4*(-6)/132 - 48/(-22). Let j = 1 + t. Suppose -4*c - 298 = a - j*a, 3*a + 3*c = 438. List the prime factors of a.
3, 7
Let v(h) = 3*h**3 - 43*h**2 - 37*h - 38. What are the prime factors of v(19)?
19, 227
Let h(r) = 5*r**3 + 8*r**2 + r - 19. Let t be h(10). Suppose 4*b - 937 = -2*q + 4857, 0 = -4*b + q + t. List the prime factors of b.
2, 181
Let c = 43 + -41. Let m be 106 - (1 - 0/c). Suppose 4*f - 5*n - 129 = 0, 5*f + 9*n - 4*n - m = 0. What are the prime factors of f?
2, 13
Let c = -3 + 9. Let x be -2*(4 - 2) - (6 - c). Let o(v) = -22*v - 2. List the prime factors of o(x).
2, 43
Let j(h) = 16*h + 5 + 10 + 0. Let x be j(-6). Let l = x + 114. List the prime factors of l.
3, 11
Let l = 80576 + -48423. List the prime factors of l.
11, 37, 79
Let z(q) = -q**2 - 12*q - 30. Let y be z(-8). List the prime factors of (-22)/(-132) - (y - 4234/12).
3, 13
Suppose 1792011 + 16270509 + 8190966 = 417*a. What are the prime factors of a?
2, 3, 7, 1499
Suppose 3*a + 3 = 15. Suppose -4 + a = -d. Suppose -2*i + d*i = -6, i = -3*k + 243. List the prime factors of k.
2, 5
Let l be 76/6*60/(-10). Let m = l - -78. Suppose 3*v = -m*c + 243, -4*c - 226 = -3*v - 1. What are the prime factors of v?
79
Suppose 11*q - 31*q = -15*q. Suppose 3*h - 390 = 4*f, 5*h + 22*f - 25*f - 639 = q. What are the prime factors of h?
2, 3, 7
Let n = 66 - 64. Suppose -n*h - 4400 = -13*h. List the prime factors of h.
2, 5
Let m be (5 - (0 - -2))/(6/10). List the prime factors of (-8)/14 + (m - (-6840)/63).
113
Suppose -4*b - 304 = -1748. Suppose -2*v + 48 = 5*h + 15, -5*v - 5 = -5*h. Suppose -h*y + b = -0*a + 3*a, -2*y - 2*a + 142 = 0. List the prime factors of y.
2, 37
Let d(k) = -9*k**2 - k + 7. Let r be d(3). Let y be 1/5 + (-5574)/(-30). Let b = y + r. List the prime factors of b.
109
List the prime factors of (-2350 - -123 - (-8)/1)*(-5 + 0).
5, 7, 317
Suppose -101*w + 798557 + 2093780 = 0. What are the prime factors of w?
7, 4091
Let k = -158 + 150. List the prime factors of (-2988)/k*(10/(-3) + 4).
3, 83
Suppose 40*m = 58*m + 46170. List the prime factors of ((-228)/10 - 0)*m/54.
3, 19
Let j = -3543 - -7102. List the prime factors of j.
3559
Let l = -4985 + 2653. Let h = 3806 + l. What are the prime factors of h?
2, 11, 67
Let h(s) = s + 1. Let u(z) = -410*z + 410. Let r(b) = 410*h(b) - u(b). List the prime factors of r(1).
2, 5, 41
Let w = -499 - -499. Suppose w = 9*r + 25*r - 27132. What are the prime factors of r?
2, 3, 7, 19
What are the prime factors of (-42)/9*(5 - 170)?
2, 5, 7, 11
Let u = 12818 + 46546. List the prime factors of u.
2, 3, 17, 97
Let c = -34 - 1. Let m = c - -37. Suppose 0 = q + m - 30. What are the prime factors of q?
2, 7
Let t(o) = o**3 + 2*o**2 - o - 1. Let m be t(-2). Let w(i) = -37*i**3 - i**2 + 4*i - 3. Let z be w(m). Let h = z - -114. What are the prime factors of h?
7, 11
Suppose -81*b + 80*b = -5*g + 88328, b + 70663 = 4*g. What are the prime factors of g?
5, 3533
Let s be 2/(-5) + (-153)/(-45). Suppose -6*y + 5*y + 239 = -s*l, -2*y - l = -443. What are the prime factors of y?
2, 7
Let b = -131 + 132. What are the prime factors of (-3 - 439 - b)/(2 + -3)?
443
Let y be (1*(-32)/(-12))/((-4)/(-6)). Suppose y*f + 3*w - 4216 = 0, 2*f + 4*w = -w + 2094. Suppose 0 = l + 6*l - f. What are the prime factors of l?
151
Let r = -13 - 3. Let l(h) = -h**2 - 9*h - 11. Let k be l(r). Let c = 209 + k. What are the prime factors of c?
2, 43
Let r = 994 + -990. What are the prime factors of (0 - r) + 51 - 2?
3, 5
List the prime factors of 1065/10*(-29 + 1)/(-2).
3, 7, 71
Suppose 5 = -5*x + 25. Let g be ((-400)/100)/(4/(-7)). Suppose x*m - g*m = -105. What are the prime factors of m?
5, 7
Let m be 1*(-866)/6*(-2 + -1). Let d = -126 + m. What are the prime factors of d?
307
Let n(b) = b - 49. Let i be n(37). Let h be (18/(-3))/(1/3). List the prime factors of h/(15/i*(-12)/(-20)).
2, 3
Let d = -270 + 288. Let r(j) = -j**3 + 22*j**2 - 63*j + 8. What are the prime factors of r(d)?
2, 5, 17
Let b(k) = 18*k + 118. Let u(a) = 3*a**2 + 5*a. Let m be u(1). List the prime factors of b(m).
2, 131
Suppose 2*l - 30 = -3*l. Let x(n) = 5 - n + l*n**3 - 2 + 2*n**2 - 3. List the prime factors of x(1).
7
Let n(v) = -v**3 - 5*v**2 - 2*v - 6. Let h be n(-6). Let p(i) = 4 - 5*i - 21*i**2 + i**3 + h*i**2 - 14*i**2. What are the prime factors of p(-6)?
2, 5, 7
Suppose -3583*z = -3573*z - 870. Let d(s) = -s + 7. Let h be d(5). Suppose z = v + h*v. List the prime factors of v.
29
Let t(m) = 386*m + 70. Let x be t(-4). Let a = x - -2135. List the prime factors of a.
661
List the prime factors of 207*1*43/3.
3, 23, 43
Let f be ((-74)/(-5))/(5/25). Suppose -t + 1 = -f. Suppose -p = -234 + t. List the prime factors of p.
3, 53
Let x = -633 - -1308. Let a be (-1)/(-5 + 3370/x). Suppose -10*v - 4*r - 108 = -14*v, -4*r = 5*v - a. What are the prime factors of v?
3
Let d(t) = 3*t**3 - 41*t**2 - 24*t - 18. Let h be d(14). Let i = 161 + h. What are the prime factors of i?
3
Let s(q) = 24*q - 135. Let c = 669 - 656. What are the prime factors of s(c)?
3, 59
Let h(c) = 9*c**2 - 2*c - 45. Suppose 0 = -6*b + 14*b + 56. List the prime factors of h(b).
2, 5, 41
Suppose 62*r - 117891 - 329687 = 0. What are the prime factors of r?
7219
Let i = -5686 + 22546. List the prime factors 